{"version":"1.0","provider_name":"La Fondation pour la conservation du saumon atlantique","provider_url":"https:\/\/www.salmonconservation.ca\/fr","author_name":"Gert","author_url":"https:\/\/www.salmonconservation.ca\/fr\/author\/ascf_admin\/","title":"Forum des savoirs sur le saumon atlantique - La Fondation pour la conservation du saumon atlantique","type":"rich","width":600,"height":338,"html":"<blockquote class=\"wp-embedded-content\" data-secret=\"wYGQzO57CE\"><a href=\"https:\/\/www.salmonconservation.ca\/fr\/projects\/atlantic-salmon-knowledge-forum\/\">Forum des savoirs sur le saumon atlantique<\/a><\/blockquote><iframe sandbox=\"allow-scripts\" security=\"restricted\" src=\"https:\/\/www.salmonconservation.ca\/fr\/projects\/atlantic-salmon-knowledge-forum\/embed\/#?secret=wYGQzO57CE\" width=\"600\" height=\"338\" title=\"\u00ab\u00a0Forum des savoirs sur le saumon atlantique\u00a0\u00bb &#8212; La Fondation pour la conservation du saumon atlantique\" data-secret=\"wYGQzO57CE\" frameborder=\"0\" marginwidth=\"0\" marginheight=\"0\" scrolling=\"no\" class=\"wp-embedded-content\"><\/iframe><script type=\"text\/javascript\">\n\/* <![CDATA[ *\/\n\/*! This file is auto-generated *\/\n!function(d,l){\"use strict\";l.querySelector&&d.addEventListener&&\"undefined\"!=typeof URL&&(d.wp=d.wp||{},d.wp.receiveEmbedMessage||(d.wp.receiveEmbedMessage=function(e){var t=e.data;if((t||t.secret||t.message||t.value)&&!\/[^a-zA-Z0-9]\/.test(t.secret)){for(var s,r,n,a=l.querySelectorAll('iframe[data-secret=\"'+t.secret+'\"]'),o=l.querySelectorAll('blockquote[data-secret=\"'+t.secret+'\"]'),c=new RegExp(\"^https?:$\",\"i\"),i=0;i<o.length;i++)o[i].style.display=\"none\";for(i=0;i<a.length;i++)s=a[i],e.source===s.contentWindow&&(s.removeAttribute(\"style\"),\"height\"===t.message?(1e3<(r=parseInt(t.value,10))?r=1e3:~~r<200&&(r=200),s.height=r):\"link\"===t.message&&(r=new URL(s.getAttribute(\"src\")),n=new URL(t.value),c.test(n.protocol))&&n.host===r.host&&l.activeElement===s&&(d.top.location.href=t.value))}},d.addEventListener(\"message\",d.wp.receiveEmbedMessage,!1),l.addEventListener(\"DOMContentLoaded\",function(){for(var e,t,s=l.querySelectorAll(\"iframe.wp-embedded-content\"),r=0;r<s.length;r++)(t=(e=s[r]).getAttribute(\"data-secret\"))||(t=Math.random().toString(36).substring(2,12),e.src+=\"#?secret=\"+t,e.setAttribute(\"data-secret\",t)),e.contentWindow.postMessage({message:\"ready\",secret:t},\"*\")},!1)))}(window,document);\n\/* ]]> *\/\n<\/script>\n","description":"Description : Cr\u00e9\u00e9 en 2022 \u00e0 la suite de la fusion des colloques scientifiques annuels du CIRSA (Centre interuniversitaire de recherche sur le saumon atlantique) et de la FQSA (F\u00e9d\u00e9ration qu\u00e9b\u00e9coise pour le saumon atlantique), le Forum des savoirs sur le saumon atlantique est un \u00e9v\u00e9nement de nature scientifique qui a pour objectif de favoriser... Read More"}

Description : Créé en 2022 à la suite de la fusion des colloques scientifiques annuels du CIRSA (Centre interuniversitaire de recherche sur le saumon atlantique) et de la FQSA (Fédération québécoise pour le saumon atlantique), le Forum des savoirs sur le saumon atlantique est un événement de nature scientifique qui a pour objectif de favoriser... Read More
